85948?
True
Is 741532814 a multiple of 8?
False
Is 153 a factor of 30665197?
False
Is 383103700 a multiple of 14?
True
Is 18 a factor of 8052138?
True
Does 4 divide 1017991550?
False
Is 129017376 a multiple of 70?
False
Does 1153 divide 10365880?
False
Is 1690 a factor of 18269121?
False
Is 1302 a factor of 377741448?
True
Is 558907570 a multiple of 4090?
False
Is 71 a factor of 19139200?
False
Is 71 a factor of 26226406?
True
Is 345 a factor of 1121295250?
False
Is 59067993 a multiple of 22?
False
Is 220 a factor of 93763740?
False
Is 143576976 a multiple of 35?
False
Does 330 divide 3305164?
False
Is 3 a factor of 7458751?
False
Is 7745546 a multiple of 523?
False
Is 951022626 a multiple of 229?
False
Is 984522923 a multiple of 223?
True
Is 19 a factor of 330362538?
True
Does 8 divide 37155943?
False
Does 21 divide 912933273?
True
Is 250 a factor of 381455750?
True
Does 86 divide 704839?
False
Is 2515 a factor of 128359710?
False
Does 9 divide 1944927371?
False
Is 7358114148 a multiple of 15708?
True
Is 117614560 a multiple of 20?
True
Is 85 a factor of 759642837?
False
Does 58 divide 2987232425?
False
Is 1224309312 a multiple of 826?
False
Is 731 a factor of 212358424?
True
Is 60262525 a multiple of 2389?
True
Is 1727595946 a multiple of 58?
True
Is 309596067 a multiple of 499?
True
Is 263 a factor of 107182311?
False
Does 56 divide 739642680?
True
Is 576083275 a multiple of 21?
False
Is 27510098 a multiple of 4083?
False
Does 9 divide 2027454903?
True
Does 15 divide 116924985?
True
Is 114748694 even?
True
Is 80008375 a multiple of 969?
False
Is 111 a factor of 293121520?
False
Is 1508 a factor of 516473412?
True
Does 56 divide 41309912?
True
Does 4453 divide 1310321968?
True
Does 770 divide 791242884?
False
Does 28 divide 903337848?
True
Is 9449 a factor of 1039280622?
False
Does 651 divide 365292879?
False
Is 15983891 a multiple of 744?
False
Is 6 a factor of 189148590?
True
Is 1653111234 a multiple of 4194?
True
Does 39 divide 283564749?
True
Is 1913847097 a multiple of 2698?
False
Is 39 a factor of 785548476?
False
Is 4502 a factor of 87676450?
True
Is 32100709 a multiple of 667?
True
Is 6 a factor of 979135998?
True
Is 892 a factor of 4284268?
False
Is 56 a factor of 1061011?
False
Is 283576608 a multiple of 672?
True
Is 465022172 a multiple of 277?
False
Is 1182358536 a multiple of 29?
True
Is 756 a factor of 7319592?
True
Is 1702316128 a multiple of 148?
True
Does 58 divide 2035629654?
True
Is 10 a factor of 533679281?
False
Is 78 a factor of 70398354?
True
Is 216 a factor of 125399191?
False
Does 59 divide 32668595?
True
Is 31 a factor of 353020016?
False
Is 139 a factor of 12945540?
False
Is 1994 a factor of 940392038?
False
Is 8557 a factor of 490050833?
True
Does 1156 divide 85632676?
False
Does 3 divide 85418069?
False
Does 286 divide 1498580662?
False
Does 9 divide 12999048?
False
Is 1745 a factor of 762647045?
False
Is 1111696074 a multiple of 3705?
False
Is 2 a factor of 28025614?
True
Does 20 divide 25895423?
False
Is 11542959 a multiple of 226?
False
Is 55477739 a multiple of 329?
False
Is 245506332 a multiple of 29?
False
Is 4 a factor of 365862667?
False
Is 141 a factor of 2214527?
False
Is 289 a factor of 33467934?
True
Does 1533 divide 3236067743?
False
Is 291 a factor of 1816481045?
False
Is 1400 a factor of 796675600?
True
Does 48 divide 43733232?
True
Does 6 divide 2643298?
False
Does 381 divide 365317154?
False
Is 105806699 a multiple of 22?
False
Is 27665540 a multiple of 365?
True
Is 3644525 even?
False
Is 448731283 a multiple of 9?
False
Is 282 a factor of 1411977666?
True
Does 115 divide 605005?
False
Is 340130658 a multiple of 4?
False
Does 5 divide 1321567465?
True
Does 586 divide 251204709?
False
Does 83 divide 5547490?
False
Is 10 a factor of 266790174?
False
Is 1182893710 a multiple of 67?
True
Is 624168334 a multiple of 58?
True
Does 50 divide 1315395?
False
Does 18 divide 197038945?
False
Does 60 divide 44854920?
True
Does 6468 divide 172535117?
False
Is 6171643016 a multiple of 11?
True
Is 248 a factor of 27421570?
False
Does 46 divide 1769168183?
False
Is 9 a factor of 8605977?
False
Does 1083 divide 190565975?
False
Is 850440735 a multiple of 349?
False
Does 601 divide 561936214?
False
Does 26 divide 11922196?
True
Is 80597979 a multiple of 2?
False
Is 94726380 a multiple of 14?
True
Does 250 divide 22298589?
False
Is 93 a factor of 1610874762?
True
Is 448 a factor of 310910?
False
Does 2205 divide 705602205?
True
Is 1902167880 a multiple of 40?
True
Does 3 divide 104706603?
True
Is 18 a factor of 91210158?
True
Is 2125 a factor of 40929625?
True
Is 279928520 a multiple of 7?
False
Is 104 a factor of 351463583?
False
Is 1571 a factor of 9974279?
True
Is 629 a factor of 90677855?
False
Is 8 a factor of 62412227?
False
Is 397885970 a multiple of 230?
True
Does 98 divide 2130356830?
True
Is 260 a factor of 81475309?
False
Is 2839 a factor of 74694090?
True
Is 6 a factor of 82223778?
True
Is 12 a factor of 40525248?
True
Does 1070 divide 77297313?
False
Is 200946038 even?
True
Is 17148530 a multiple of 2215?
True
Is 17 a factor of 3701014?
False
Is 7 a factor of 535171787?
False
Does 2441 divide 32761148?
False
Does 462 divide 26981016?
False
Is 1371 a factor of 8326083?
True
Is 6454 a factor of 180360040?
False
Is 150 a factor of 1042137010?
False
Is 2737296 a multiple of 144?
True
Is 719 a factor of 106015123?
False
Does 40 divide 1626489369?
False
Is 453151650 a multiple of 150?
True
Is 1020 a factor of 124938440?
False
Is 16 a factor of 14908896?
True
Does 3284 divide 140584756?
True
Is 234357 a multiple of 409?
True
Is 61 a factor of 6096767?
True
Is 5379 a factor of 3468185556?
True
Is 12445 a factor of 1363509757?
False
Is 111 a factor of 1586345073?
False
Is 2971310815 a multiple of 11?
True
Is 6661939 a multiple of 387?
False
Does 141 divide 13271907?
True
Does 3057 divide 15670182?
True
Is 191 a factor of 41366398?
True
Does 2 divide 2808046?
True
Is 635093144 a multiple of 28?
True
Does 176 divide 5002096?
True
Is 87 a factor of 23834694?
True
Is 23 a factor of 287104860?
True
Is 105 a factor of 5358092?
False
Does 1500 divide 102056446?
False
Is 1052455 a multiple of 4?
False
Is 846 a factor of 161946396?
True
Is 13 a factor of 64315225?
True
Does 3301 divide 31276073?
False
Is 8905 a factor of 355380740?
True
Is 1610 a factor of 50141840?
True
Is 8655181 a multiple of 547?
True
Does 48 divide 7345632?
True
Is 9056 a factor of 1445835451?
False
Does 329 divide 114988771?
False
Is 2708680189 a multiple of 110?
False
Does 176 divide 34457792?
False
Does 3447 divide 1428318322?
False
Is 2409909988 a multiple of 84?
False
Is 16616948 a multiple of 737?
False
Is 98873678 a multiple of 99?
False
Does 126 divide 17735489?
False
Is 12 a factor of 736724772?
True
Is 32 a factor of 6516576?
True
Is 27338976 a multiple of 4011?
True
Does 1749 divide 296835033?
True
Is 15980962 a multiple of 12?
False
Does 86 divide 25647672?
False
Does 1873 divide 363294845?
False
Is 18 a factor of 473885683?
False
Is 37773249 a multiple of 17?
False
Is 4177 a factor of 102782111?
False
Is 801 a factor of 488835096?
False
Does 271 divide 6444680713?
False
Is 10 a factor of 83995238?
False
Does 222 divide 63670451?
False
Is 926 a factor of 127861629?
False
Is 767 a factor of 105637376?
True
Is 223781012 a multiple of 91?
True
Is 38367611 a multiple of 276?
False
Is 2 a factor of 139286713?
False
Does 591 divide 58136079?
True
Does 229 divide 8264440?
False
Is 3664112 a multiple of 19?
True
Is 1301846 a multiple of 46?
True
Does 340 divide 16988440?
True
Is 5 a factor of 6207856?
False
Does 4084 divide 787313012?
False
Is 5 a factor of 24738089?
False
Does 79 divide 180242819?
False
Is 11 a factor of 4167504?
True
Does 143 divide 994145666?
False
Is 171 a factor of 13484205?
True
Is 723134759 a multiple of 362?
False
Is 147059945 a multiple of 40?
False
Is 16295103 a multiple of 171?
True
Does 47 divide 49622271?
True
Does 10 divide 16988587?
False
Is 19 a factor of 44413032?
True
Is 17968868 a multiple of 112?
False
Is 846 a factor of 153327348?
True
Is 182 a factor of 25271466?
False
Is 334348036 a multiple of 94?
True
Is 47 a factor of 7362973?
True
Is 117 a factor of 813960576?
True
Does 141 divide 140054257?
False